{"id":4894,"date":"2025-03-21T08:50:56","date_gmt":"2025-03-21T11:50:56","guid":{"rendered":"https:\/\/www.colegiogermania.cl\/principal\/?page_id=4894"},"modified":"2025-03-21T08:50:57","modified_gmt":"2025-03-21T11:50:57","slug":"admision-2026","status":"publish","type":"page","link":"http:\/\/www.colegiogermania.cl\/principal\/admision-2026\/","title":{"rendered":"Admisi\u00f3n 2026"},"content":{"rendered":"\n<p class=\"has-large-font-size\"><strong>POSTULACI\u00d3N<\/strong> <strong>EDUCACI\u00d3N PARVULARIA 2026<\/strong><\/p>\n\n\n\n<br><br>\n\n\n\n<p>Queridas familias postulantes:<\/p>\n\n\n\n<p>El Colegio Germania del Verbo Divino abre el proceso de postulaci\u00f3n de alumnos y alumnas para los niveles de Medio Menor y Medio Mayor 2026.<\/p>\n\n\n\n<p>Dentro del contexto anterior, es relevante considerar lo siguiente:<\/p>\n\n\n\n<br><br>\n\n\n\n<p class=\"has-medium-font-size\"><strong>1) Criterios Generales de Postulaci\u00f3n y Admisi\u00f3n<\/strong><\/p>\n\n\n\n<p>1. El Colegio entiende que la familia que postula y se matricula en el establecimiento, est\u00e1 de acuerdo y asume su Proyecto Educativo, Ideario Pedag\u00f3gico y Reglamentos ya conocidos a trav\u00e9s de su p\u00e1gina web.<\/p>\n\n\n\n<p>2. Respecto de la admisi\u00f3n, depender\u00e1 en primer lugar de los cupos disponibles en cada curso, otorg\u00e1ndose la siguiente prioridad de ingreso: Familias que tengan hijos o hijas matriculados en nuestro colegio, hijos o hijas de exalumnos, hijos e hijas de funcionarios del establecimiento. Y finalmente, para ni\u00f1os y ni\u00f1as cuyas familias no tienen v\u00ednculo con la instituci\u00f3n.<\/p>\n\n\n\n<p><\/p>\n\n\n\n<br>\n\n\n\n<p class=\"has-medium-font-size\"><strong>2) N\u00famero de Vacantes<\/strong><\/p>\n\n\n\n<p>1. Nivel Medio Menor: 30 vacantes<\/p>\n\n\n\n<p>2. Nivel Medio Mayor: 36 vacantes<\/p>\n\n\n\n<p><\/p>\n\n\n\n<br>\n\n\n\n<p class=\"has-medium-font-size\"><strong>3) Documentos a presentar<\/strong><\/p>\n\n\n\n<p><strong>Obligatorios:<\/strong><\/p>\n\n\n\n<p>1. Ficha de Postulaci\u00f3n. Descargar e imprimir:<\/p>\n\n\n\n<div class=\"wp-block-file\"><a id=\"wp-block-file--media-217e8db1-e971-4ec4-a5db-3858b6a8c65e\" href=\"https:\/\/www.colegiogermania.cl\/principal\/wp-content\/uploads\/2025\/03\/SOLICITUD-DE-POSTULACION-2026.docx\">SOLICITUD-DE-POSTULACION-2026<\/a><a href=\"https:\/\/www.colegiogermania.cl\/principal\/wp-content\/uploads\/2025\/03\/SOLICITUD-DE-POSTULACION-2026.docx\" class=\"wp-block-file__button wp-element-button\" download aria-describedby=\"wp-block-file--media-217e8db1-e971-4ec4-a5db-3858b6a8c65e\">Descarga<\/a><\/div>\n\n\n\n<br>\n\n\n\n<p>2. Certificado de nacimiento del postulante (documento original).<\/p>\n\n\n\n<p><strong>En caso de existir:<\/strong><\/p>\n\n\n\n<p>3. Informe del Jard\u00edn Infantil del 2024 o de a\u00f1os anteriores, si hubiera.<\/p>\n\n\n\n<p><\/p>\n\n\n\n<br>\n\n\n\n<p class=\"has-medium-font-size\"><strong>4) Edad del postulante<\/strong><\/p>\n\n\n\n<p>1. Medio Menor: 2 a\u00f1os cumplidos al 31 de marzo 2026.<\/p>\n\n\n\n<p>2. Medio Mayor: 3 a\u00f1os cumplidos al 31 de marzo 2026.<\/p>\n\n\n\n<p><\/p>\n\n\n\n<br>\n\n\n\n<p class=\"has-medium-font-size\"><strong>5) Fechas de Postulaci\u00f3n<\/strong><\/p>\n\n\n\n<p>Inscripciones y entrega de antecedentes en Secretar\u00eda de Rector\u00eda a partir del 1 de abril hasta el 30 de abril 2025.<\/p>\n\n\n\n<p><\/p>\n\n\n\n<br>\n\n\n\n<p class=\"has-medium-font-size\"><strong>6) Reuni\u00f3n informativa y posterior visita de las instalaciones:<\/strong><\/p>\n\n\n\n<p>Para dar a conocer el funcionamiento cotidiano del Nivel de Educaci\u00f3n Parvularia y nuestra modalidad de trabajo, se realizar\u00e1 una reuni\u00f3n informativa, con posterior visita de las instalaciones, el d\u00eda lunes 5 de mayo a las 18.30 hrs. en el auditorio.<\/p>\n\n\n\n<p><\/p>\n\n\n\n<br>\n\n\n\n<p class=\"has-medium-font-size\"><strong>7) Entrevista con los padres:<\/strong><\/p>\n\n\n\n<p>Esta es una excelente oportunidad de conocernos mutuamente y complementar el proyecto familiar con el Proyecto Educativo Institucional. A partir del 9 de mayo, y con la anticipaci\u00f3n debida, los padres de los postulantes ser\u00e1n citados v\u00eda correo electr\u00f3nico a la entrevista, que puede ser online o presencial si las condiciones lo permiten.<\/p>\n\n\n\n<p><\/p>\n\n\n\n<br>\n\n\n\n<p class=\"has-medium-font-size\"><strong>8) Observaci\u00f3n diagn\u00f3stica postulantes Nivel Medio Mayor<\/strong><\/p>\n\n\n\n<p>El d\u00eda lunes 5 de mayo, de 14.30 a 15.30 hrs. en las salas del nivel de Educaci\u00f3n Parvularia. Esta actividad tiene como objetivo apreciar c\u00f3mo el ni\u00f1o o ni\u00f1a se relaciona con otros pares y el entorno, c\u00f3mo es el nivel expresivo y comprensivo, grado de autonom\u00eda y capacidad de seguir instrucciones simples (solo para postulantes al nivel medio mayor).<\/p>\n\n\n\n<p><\/p>\n\n\n\n<br>\n\n\n\n<p class=\"has-medium-font-size\"><strong>9) Resultados y Per\u00edodo de Matr\u00edcula<\/strong><\/p>\n\n\n\n<p>Ser\u00e1n comunicados directamente a los padres, al finalizar el periodo de entrevistas, v\u00eda correo electr\u00f3nico o v\u00eda telef\u00f3nica. Y adem\u00e1s ser\u00e1n publicados en la p\u00e1gina web del colegio y en un lugar visible de nuestras dependencias.<\/p>\n\n\n\n<p><\/p>\n\n\n\n<br>\n\n\n\n<p class=\"has-medium-font-size\"><strong>10) Referencia Aranceles 2025<\/strong><\/p>\n\n\n\n<p>&#8211; Matr\u00edcula: UF 15<\/p>\n\n\n\n<p>&#8211; Arancel Medio Menor y Mayor: UF 95 anual<\/p>\n\n\n\n<p>&#8211; Centro de Padres: $50.000 anual por familia<\/p>\n\n\n\n<p>&#8211; Cuota de Incorporaci\u00f3n alumnos nuevos: Los niveles Medio Menor y Mayor quedan exentos de este pago.<\/p>\n\n\n\n<p><\/p>\n\n\n\n<br>\n\n\n\n<p class=\"has-medium-font-size\"><strong>11) Postulantes con Necesidades Educativas Especiales<\/strong><\/p>\n\n\n\n<p>Frente a cada postulante el Colegio Germania eval\u00faa sus reales posibilidades para atender a nuevos estudiantes con alg\u00fan tipo de necesidad educativa especial considerando factores como:<\/p>\n\n\n\n<p>a.- N\u00famero de estudiantes con necesidades educativas especiales de car\u00e1cter transitorio y, particularmente, de car\u00e1cter permanente, desde los niveles de educaci\u00f3n parvularia, educaci\u00f3n b\u00e1sica, hasta ense\u00f1anza media, que se encuentran actualmente en el colegio.<\/p>\n\n\n\n<p>b.- Reales posibilidades de respuesta educativa de calidad, a estudiantes y sus familias con mayores necesidades de apoyo y de car\u00e1cter m\u00e1s permanente.<\/p>\n\n\n\n<p><\/p>\n\n\n\n<br>\n\n\n\n<p>Cordialmente,<\/p>\n\n\n\n<p class=\"has-text-align-center\">P. William Jemada SVD<\/p>\n\n\n\n<p class=\"has-text-align-center\">Rector<\/p>\n","protected":false},"excerpt":{"rendered":"<p>POSTULACI\u00d3N EDUCACI\u00d3N PARVULARIA 2026 Queridas familias postulantes: El Colegio Germania del Verbo Divino abre el proceso de postulaci\u00f3n de alumnos [&hellip;]<\/p>\n","protected":false},"author":1,"featured_media":0,"parent":0,"menu_order":0,"comment_status":"closed","ping_status":"closed","template":"","meta":{"footnotes":""},"_links":{"self":[{"href":"http:\/\/www.colegiogermania.cl\/principal\/wp-json\/wp\/v2\/pages\/4894"}],"collection":[{"href":"http:\/\/www.colegiogermania.cl\/principal\/wp-json\/wp\/v2\/pages"}],"about":[{"href":"http:\/\/www.colegiogermania.cl\/principal\/wp-json\/wp\/v2\/types\/page"}],"author":[{"embeddable":true,"href":"http:\/\/www.colegiogermania.cl\/principal\/wp-json\/wp\/v2\/users\/1"}],"replies":[{"embeddable":true,"href":"http:\/\/www.colegiogermania.cl\/principal\/wp-json\/wp\/v2\/comments?post=4894"}],"version-history":[{"count":12,"href":"http:\/\/www.colegiogermania.cl\/principal\/wp-json\/wp\/v2\/pages\/4894\/revisions"}],"predecessor-version":[{"id":4908,"href":"http:\/\/www.colegiogermania.cl\/principal\/wp-json\/wp\/v2\/pages\/4894\/revisions\/4908"}],"wp:attachment":[{"href":"http:\/\/www.colegiogermania.cl\/principal\/wp-json\/wp\/v2\/media?parent=4894"}],"curies":[{"name":"wp","href":"https:\/\/api.w.org\/{rel}","templated":true}]}}

Admisión 2026

<p class="has-large-font-size"><strong>POSTULACIÓN</strong> <strong>EDUCACIÓN PARVULARIA 2026</strong></p>



<br><br>



<p>Queridas familias postulantes:</p>



<p>El Colegio Germania del Verbo Divino abre el proceso de postulación de alumnos y alumnas para los niveles de Medio Menor y Medio Mayor 2026.</p>



<p>Dentro del contexto anterior, es relevante considerar lo siguiente:</p>



<br><br>



<p class="has-medium-font-size"><strong>1) Criterios Generales de Postulación y Admisión</strong></p>



<p>1. El Colegio entiende que la familia que postula y se matricula en el establecimiento, está de acuerdo y asume su Proyecto Educativo, Ideario Pedagógico y Reglamentos ya conocidos a través de su página web.</p>



<p>2. Respecto de la admisión, dependerá en primer lugar de los cupos disponibles en cada curso, otorgándose la siguiente prioridad de ingreso: Familias que tengan hijos o hijas matriculados en nuestro colegio, hijos o hijas de exalumnos, hijos e hijas de funcionarios del establecimiento. Y finalmente, para niños y niñas cuyas familias no tienen vínculo con la institución.</p>



<p></p>



<br>



<p class="has-medium-font-size"><strong>2) Número de Vacantes</strong></p>



<p>1. Nivel Medio Menor: 30 vacantes</p>



<p>2. Nivel Medio Mayor: 36 vacantes</p>



<p></p>



<br>



<p class="has-medium-font-size"><strong>3) Documentos a presentar</strong></p>



<p><strong>Obligatorios:</strong></p>



<p>1. Ficha de Postulación. Descargar e imprimir:</p>



<div class="wp-block-file"><a id="wp-block-file--media-217e8db1-e971-4ec4-a5db-3858b6a8c65e" href="https://www.colegiogermania.cl/principal/wp-content/uploads/2025/03/SOLICITUD-DE-POSTULACION-2026.docx">SOLICITUD-DE-POSTULACION-2026</a><a href="https://www.colegiogermania.cl/principal/wp-content/uploads/2025/03/SOLICITUD-DE-POSTULACION-2026.docx" class="wp-block-file__button wp-element-button" download aria-describedby="wp-block-file--media-217e8db1-e971-4ec4-a5db-3858b6a8c65e">Descarga</a></div>



<br>



<p>2. Certificado de nacimiento del postulante (documento original).</p>



<p><strong>En caso de existir:</strong></p>



<p>3. Informe del Jardín Infantil del 2024 o de años anteriores, si hubiera.</p>



<p></p>



<br>



<p class="has-medium-font-size"><strong>4) Edad del postulante</strong></p>



<p>1. Medio Menor: 2 años cumplidos al 31 de marzo 2026.</p>



<p>2. Medio Mayor: 3 años cumplidos al 31 de marzo 2026.</p>



<p></p>



<br>



<p class="has-medium-font-size"><strong>5) Fechas de Postulación</strong></p>



<p>Inscripciones y entrega de antecedentes en Secretaría de Rectoría a partir del 1 de abril hasta el 30 de abril 2025.</p>



<p></p>



<br>



<p class="has-medium-font-size"><strong>6) Reunión informativa y posterior visita de las instalaciones:</strong></p>



<p>Para dar a conocer el funcionamiento cotidiano del Nivel de Educación Parvularia y nuestra modalidad de trabajo, se realizará una reunión informativa, con posterior visita de las instalaciones, el día lunes 5 de mayo a las 18.30 hrs. en el auditorio.</p>



<p></p>



<br>



<p class="has-medium-font-size"><strong>7) Entrevista con los padres:</strong></p>



<p>Esta es una excelente oportunidad de conocernos mutuamente y complementar el proyecto familiar con el Proyecto Educativo Institucional. A partir del 9 de mayo, y con la anticipación debida, los padres de los postulantes serán citados vía correo electrónico a la entrevista, que puede ser online o presencial si las condiciones lo permiten.</p>



<p></p>



<br>



<p class="has-medium-font-size"><strong>8) Observación diagnóstica postulantes Nivel Medio Mayor</strong></p>



<p>El día lunes 5 de mayo, de 14.30 a 15.30 hrs. en las salas del nivel de Educación Parvularia. Esta actividad tiene como objetivo apreciar cómo el niño o niña se relaciona con otros pares y el entorno, cómo es el nivel expresivo y comprensivo, grado de autonomía y capacidad de seguir instrucciones simples (solo para postulantes al nivel medio mayor).</p>



<p></p>



<br>



<p class="has-medium-font-size"><strong>9) Resultados y Período de Matrícula</strong></p>



<p>Serán comunicados directamente a los padres, al finalizar el periodo de entrevistas, vía correo electrónico o vía telefónica. Y además serán publicados en la página web del colegio y en un lugar visible de nuestras dependencias.</p>



<p></p>



<br>



<p class="has-medium-font-size"><strong>10) Referencia Aranceles 2025</strong></p>



<p>&#8211; Matrícula: UF 15</p>



<p>&#8211; Arancel Medio Menor y Mayor: UF 95 anual</p>



<p>&#8211; Centro de Padres: $50.000 anual por familia</p>



<p>&#8211; Cuota de Incorporación alumnos nuevos: Los niveles Medio Menor y Mayor quedan exentos de este pago.</p>



<p></p>



<br>



<p class="has-medium-font-size"><strong>11) Postulantes con Necesidades Educativas Especiales</strong></p>



<p>Frente a cada postulante el Colegio Germania evalúa sus reales posibilidades para atender a nuevos estudiantes con algún tipo de necesidad educativa especial considerando factores como:</p>



<p>a.- Número de estudiantes con necesidades educativas especiales de carácter transitorio y, particularmente, de carácter permanente, desde los niveles de educación parvularia, educación básica, hasta enseñanza media, que se encuentran actualmente en el colegio.</p>



<p>b.- Reales posibilidades de respuesta educativa de calidad, a estudiantes y sus familias con mayores necesidades de apoyo y de carácter más permanente.</p>



<p></p>



<br>



<p>Cordialmente,</p>



<p class="has-text-align-center">P. William Jemada SVD</p>



<p class="has-text-align-center">Rector</p>

<p>POSTULACIÓN EDUCACIÓN PARVULARIA 2026 Queridas familias postulantes: El Colegio Germania del Verbo Divino abre el proceso de postulación de alumnos [&hellip;]</p>
